{"id":6,"date":"2017-02-16T23:00:31","date_gmt":"2017-02-16T22:00:31","guid":{"rendered":"http:\/\/kommed.net\/develop\/wordpress\/?page_id=2"},"modified":"2017-03-20T19:35:58","modified_gmt":"2017-03-20T18:35:58","slug":"beispiel-seite-2","status":"publish","type":"page","link":"https:\/\/www.kommed.net\/","title":{"rendered":"Home"},"content":{"rendered":"<p style=\"text-align: left;\">\n<p style=\"text-align: left;\">Willkommen auf der Website der Firma Kommed EDV &#8211; Kommunikation-, Netzwerk- &amp; Medizintechnik.<\/p>\n<p style=\"text-align: left;\">Wir bieten EDV-Komplettl\u00f6sungen f\u00fcr Arztpraxen und mittelst\u00e4ndische Unternehmen an.<\/p>\n<p style=\"text-align: left;\">Die Schwerpunkte\u00a0unserer T\u00e4tigkeit liegen in der Beratung, Planung, Beschaffung geeigneter Hard- und Softwarel\u00f6sungen,\u00a0sowie\u00a0Installation kompletter Netzwerke.<\/p>\n<p style=\"text-align: left;\">Nach erfolgter Installation stehen wir mit Schulungen und telefonischem Support sowie Fernwartung<br \/>\nund Vor-Ort-Service zur Verf\u00fcgung.<\/p>\n","protected":false},"excerpt":{"rendered":"<p>Willkommen auf der Website der Firma Kommed EDV &#8211; Kommunikation-, Netzwerk- &amp; Medizintechnik. Wir bieten EDV-Komplettl\u00f6sungen f\u00fcr Arztpraxen und mittelst\u00e4ndische Unternehmen an. Die Schwerpunkte\u00a0unserer T\u00e4tigkeit liegen in der Beratung, Planung, Beschaffung geeigneter Hard- und Softwarel\u00f6sungen,\u00a0sowie\u00a0Installation kompletter Netzwerke. Nach erfolgter Installation stehen wir mit Schulungen und telefonischem Support sowie Fernwartung und Vor-Ort-Service zur Verf\u00fcgung.<\/p>\n","protected":false},"author":1,"featured_media":0,"parent":0,"menu_order":0,"comment_status":"closed","ping_status":"closed","template":"","meta":{"footnotes":""},"class_list":["post-6","page","type-page","status-publish","hentry"],"_links":{"self":[{"href":"https:\/\/www.kommed.net\/index.php?rest_route=\/wp\/v2\/pages\/6","targetHints":{"allow":["GET"]}}],"collection":[{"href":"https:\/\/www.kommed.net\/index.php?rest_route=\/wp\/v2\/pages"}],"about":[{"href":"https:\/\/www.kommed.net\/index.php?rest_route=\/wp\/v2\/types\/page"}],"author":[{"embeddable":true,"href":"https:\/\/www.kommed.net\/index.php?rest_route=\/wp\/v2\/users\/1"}],"replies":[{"embeddable":true,"href":"https:\/\/www.kommed.net\/index.php?rest_route=%2Fwp%2Fv2%2Fcomments&post=6"}],"version-history":[{"count":3,"href":"https:\/\/www.kommed.net\/index.php?rest_route=\/wp\/v2\/pages\/6\/revisions"}],"predecessor-version":[{"id":199,"href":"https:\/\/www.kommed.net\/index.php?rest_route=\/wp\/v2\/pages\/6\/revisions\/199"}],"wp:attachment":[{"href":"https:\/\/www.kommed.net\/index.php?rest_route=%2Fwp%2Fv2%2Fmedia&parent=6"}],"curies":[{"name":"wp","href":"https:\/\/api.w.org\/{rel}","templated":true}]}}